45 + 16. What is the greatest common factor of w and t?
23
Suppose 4*h - 443 = -7*y + 2*y, 2*h + 4*y - 220 = 0. Let o(w) = -w + 14. Let n = 12 - 12. Let q be o(n). What is the greatest common divisor of h and q?
14
Let k = 7 - 5. Suppose k*r - 152 = -3*w, r - 76 = 2*w + 2*w. What is the highest common divisor of 19 and r?
19
Let f(g) = 21*g + 2. Let m be f(-6). Let r = m - -71. Let u = 95 + r. What is the highest common factor of 21 and u?
21
Let y = -41 - -57. Suppose -3*h + 12 = -h. Let r be 282/9 - (-4)/h. Calculate the highest common divisor of y and r.
16
Let v be 56*2*(-9)/(-12). Let r(c) = -1 + 10*c - 1 - 5 - 2. Let p be r(3). What is the greatest common factor of p and v?
21
Suppose -30 = 4*v - 170. Suppose -22*u = -19*u - 15. Calculate the greatest common factor of v and u.
5
Suppose -23 + 70 = -l. Let k = -45 - l. What is the greatest common divisor of 7 and k?
1
Let x(z) = -z + 14. Let g be x(11). Suppose 0*w = -g*w + 27. Let h(j) = -j**2 - 8*j + 3. Let b be h(-8). What is the greatest common factor of b and w?
3
Suppose 0 = 3*g - 3 - 6. Suppose -2*x = 2*s - 5*s + 200, -5*s = -g*x - 335. What is the greatest common factor of s and 10?
10
Let l = -137 + 156. What is the greatest common factor of 171 and l?
19
Suppose 4*g + 2*p = 448 - 176, -206 = -3*g - p. What is the highest common divisor of 28 and g?
14
Let a(m) = 3*m**2. Let u be a(1). Calculate the highest common factor of 243 and u.
3
Let d(z) = -z**2 + 10*z + 13. Suppose -14 + 41 = 3*p. Let f be d(p). Calculate the greatest common factor of f and 2.
2
Suppose 6*a - 12 = 5*a. Let n(h) = 16*h - 76. Let x be n(7). What is the highest common divisor of a and x?
12
Let z be (0 - (-1272)/(-16))*(-2)/3. What is the greatest common divisor of z and 53?
53
Let m be (-1)/(-1*(-2)/(-72)). Let t(i) = i**2. Let c be t(-2). Suppose 2*x + 2*v + v = 36, 3*x - 52 = -c*v. What is the highest common factor of x and m?
12
Let v(t) = 2*t**2 - 3*t - 2. Let w be v(-2). Suppose 5*i = w + 23. Let o = 73 - 31. What is the highest common factor of o and i?
7
Suppose -m = 3*m - 80. Let g = 11 + -11. Let j(d) = d**3 + d**2 + d + 140. Let v be j(g). What is the highest common divisor of m and v?
20
Let s be 209 - 0/(1 + 1). Suppose -s = -2*f - 55. Let c = 7 + 4. What is the highest common factor of f and c?
11
Let h(x) = -9*x**2 - 5*x + 33. Let y be h(0). Calculate the highest common factor of 2178 and y.
33
Suppose 4*p - 5*m - 5085 = -1895, -m + 3202 = 4*p. What is the highest common factor of 150 and p?
50
Suppose q = 3*q - 6, 0 = 4*v + 3*q - 789. Suppose -b = 2*b - v. What is the highest common divisor of 26 and b?
13
Suppose -183*b + 105 = -178*b. Suppose 19 = 2*o - 9. What is the highest common factor of o and b?
7
Let i(v) = v**3 - 26*v**2 - 22*v + 95. Let q be i(27). What is the highest common factor of q and 46?
46
Let c = -55 - -1240. Calculate the highest common divisor of 15 and c.
15
Let w(m) = -7*m**3 + 2*m + 3. Let o be w(-2). Suppose -22*i + 24*i = 0. Suppose l = -i*l + o. What is the highest common divisor of 22 and l?
11
Suppose -2*y + 4*j = -j + 12, -5 = y - 2*j. Suppose 2*f + f = -18. Let x = y - f. Calculate the highest common divisor of x and 20.
5
Let i(f) = 2*f - 5. Let u be i(5). Suppose 5*n - 4*t = 3, 10*n - u*n + 3*t = -11. Let d be (n - (-20)/8)*22. What is the greatest common factor of 11 and d?
11
Let o(x) = 2*x + 6. Let r(w) = -2*w**2 + 3*w + 4. Let q be r(3). Let n be o(q). Let s be (-4)/(n/(-2 + 114)). Calculate the highest common divisor of 16 and s.
16
Let t = 1304 + -683. Calculate the highest common factor of t and 23.
23
Let p = 25 + 3. Let y = p - -4. Suppose -3*z - 12 = 0, 3*r - 8*r = -3*z - y. What is the highest common divisor of 2 and r?
2
Suppose 4*r + 1038 = 3*f, -644 - 53 = -2*f + r. Calculate the highest common divisor of f and 14.
14
Let s be (-11)/(-1) + (5 + 0)/(-5). Calculate the highest common divisor of 300 and s.
10
Let t = 97 - 37. Calculate the greatest common factor of t and 135.
15
Let p be 106/10 - ((-63)/15)/(-7). What is the greatest common divisor of 85 and p?
5
Let a = 37 - 49. Let r be 3/(-4 - 49/a). Calculate the greatest common factor of 396 and r.
36
Suppose 2*h + 22 = 4*x - 10, -4*x - 3*h + 42 = 0. Suppose 0 = -x*v + 17*v - 64. Suppose -k + 3 = -5. What is the greatest common divisor of v and k?
8
Let u(q) = 21*q + 249. Let i be u(-9). What is the highest common factor of 460 and i?
20
Suppose 0 = -3*m + 3464 + 2209. What is the highest common factor of m and 61?
61
Suppose 0 = 29*i - 28*i - 3. Suppose 5*q + i - 8 = 0, 4*a - 4*q - 44 = 0. What is the highest common factor of 20 and a?
4
Suppose -111 - 9 = 5*s. Let q = s - -30. Calculate the highest common factor of q and 3.
3
Suppose -27*l = -2*u - 22*l + 47, -3*u - 4*l + 36 = 0. What is the greatest common divisor of 32 and u?
16
Let d(o) = o**2 + o. Let a be d(-4). Suppose -6 = 3*j - 3*h - 18, -j - 14 = 5*h. Let i be j*-2 + a + -9. Calculate the greatest common factor of 1 and i.
1
Let h be (-8555)/(-319) - (-3 + 62/22). What is the greatest common divisor of h and 207?
9
Let o be (1344/(-70))/(84/45 - 2). Let f(s) = s**2 + 3*s. Let d be f(-6). What is the greatest common divisor of d and o?
18
Let m be (-19539)/(-1287) - 2/11. What is the greatest common divisor of m and 2250?
15
Suppose d + x = 77, -d + 62 = -x - 9. Let a = d - 29. Calculate the highest common divisor of 18 and a.
9
Let i = -1329 - -1584. What is the highest common factor of 357 and i?
51
Let k = 2222 + -2211. Calculate the highest common divisor of 2563 and k.
11
Let w(x) = -26*x - 27. Let i be w(-3). Calculate the highest common factor of 3 and i.
3
Suppose -4*h + 17 + 35 = -2*w, 3*h + 3*w - 57 = 0. Suppose 756 = h*n + 3*n. What is the highest common factor of 42 and n?
42
Let l = 159 - 135. Let r be ((-50)/(-4))/((-6)/l*-2). What is the greatest common divisor of 10 and r?
5
Suppose 3*p + 12*p - 945 = 0. Suppose p*k - 68*k + 60 = 0. Calculate the greatest common divisor of 36 and k.
12
Suppose -14*a - 17808 = -56*a. Calculate the greatest common divisor of 8 and a.
8
Let w be (-38)/(-3) + ((-306)/(-27) - 12). Suppose -3*r + 36 = -0*r. Calculate the highest common divisor of r and w.
12
Let k = 11 - 2. Suppose 2*s - 40 = 68. What is the highest common divisor of s and k?
9
Let d be (3 - 0) + (-11 - 1). Let g(m) = -m**2 - 11*m + 11. Let f be g(d). Let r(y) = 79*y + 3. Let k be r(4). What is the greatest common factor of f and k?
29
Suppose 3*l + t - 390 = 0, 2*l - 4*t - 520 = -2*l. Suppose 8*h + 2 - l = 0. Calculate the highest common divisor of 48 and h.
16
Let y be (-20)/(-4) - (2 + -1). Suppose j - 155 = 6*j - 5*q, -2*j - 56 = -y*q. Let d = j - -85. What is the greatest common divisor of d and 34?
17
Let y(m) = 3*m**2 + 9*m - 99. Let p be y(7). Calculate the highest common factor of p and 148.
37
Suppose 4*m + 55 = p, 2*p + 4*m - 39 = p. What is the greatest common divisor of p and 188?
47
Let k = 34 + -38. Let a be (-23 + -17)*(0 + 6/k). Calculate the highest common factor of 40 and a.
20
Suppose -2*p + 5*p - 7 = 5*k, -2*k = -5*p + 18. Let t(u) = 2*u**3 - 6*u**2 + 2*u - 3. Let w be t(p). Calculate the greatest common factor of 148 and w.
37
Let x be (2 + 1515/(-9))/(10/(-30)). Let n = -345 + x. What is the highest common factor of 14 and n?
14
Let m(q) = q**3 + 7*q + 6. Let i be m(6). Let k(j) = j + 18. Let b be k(15). Suppose -32*c = -b*c + 33. What is the greatest common factor of i and c?
33
Let n be 63 - (-4)/(0 - -2). Let v be (-12)/10*10/(-3). Let h = 9 + v. Calculate the greatest common factor of n and h.
13
Suppose 4*y = 6*y - 42. Let l = 24 - y. Calculate the highest common factor of 3 and l.
3
Let d be -35*(4 - (-28)/(-5)). What is the highest common factor of 42 and d?
14
Let u = 1856 - 525. Calculate the greatest common divisor of u and 11.
11
Let y(i) = 53*i**2 + 5*i + 23. Let a be y(4). Calculate the highest common divisor of a and 66.
33
Let m(b) = 9*b**2 - 2*b + 3. Let x be m(2). Let y = -3492 - -3772. Calculate the greatest common factor of y and x.
35
Let x(m) = -m**3 - 18*m**2 - 3*m - 10. Let l be x(-18). Calculate the greatest common factor of 16 and l.
4
Suppose -5*s + 2*v + 57 = 0, s - 4*v - 26 = -s. Let h = 15 + -13. Suppose 264 = 2*c + h*c. Calculate the greatest common divisor of c and